
-10302320
Convert 2100145 (base 6) to base 2.
11000101100100001
What is -12103220102 (base 4) in base 14?
-310706
-13511152 (base 9) to base 13
-14cb649
What is -326425 (base 7) in base 8?
-160230
Convert -11020010110 (base 3) to base 16.
-144ff
What is 10421556 (base 7) in base 3?
1200112100200
What is -1101020211 (base 3) in base 16?
-6a15
What is -4237260 (base 8) in base 4?
-10103322300
2244255 (base 6) to base 7
656222
What is a56658 (base 12) in base 10?
2603300
Convert -1132110311 (base 4) to base 2.
-1011110010100110101
What is 1145170 (base 8) in base 14?
825cc
-1012212001112 (base 3) to base 7
-5332214
-205991 (base 16) to base 4
-20011212101
What is 12336440 (base 7) in base 9?
2084562
178168 (base 13) to base 15
b9801
-147699 (base 15) to base 5
-223040434
-14621546 (base 8) to base 7
-40325561
Convert 1003321010122 (base 4) to base 2.
1000011111001000100011010
What is -101055115 (base 6) in base 9?
-3232382
What is -8203570 (base 10) in base 16?
-7d2d32
Convert 1845666 (base 10) to base 7.
21454644
What is 29798 (base 10) in base 2?
111010001100110
596079 (base 11) to base 12
396b20
What is -72839b (base 13) in base 7?
-31506016
-1c0612 (base 13) to base 14
-148834
122120020101020 (base 3) to base 13
1c1a912
Convert -111224 (base 9) to base 16.
-103db
What is -10011100000100100001 (base 2) in base 8?
-2340441
What is b2813 (base 12) in base 2?
111000110100001111
What is 12023220 (base 5) in base 11?
76494
Convert 7287 (base 16) to base 6.
343423
What is 124104342 (base 6) in base 4?
21102131012
6a (base 14) to base 3
10111
b886a2 (base 14) to base 2
10111110101000100000110
-4524100 (base 6) to base 12
-b0630
Convert -102a28a (base 11) to base 12.
-736079
What is 41421321 (base 5) in base 8?
1234106
What is -1229914 (base 10) in base 3?
-2022111010101
-43946 (base 13) to base 16
-1de2e
What is 1546115 (base 7) in base 3?
101211201222
What is -34b21b (base 14) in base 15?
-2579e2
-14962c (base 15) to base 13
-28a370
Convert 154e8 (base 15) to base 6.
1245402
What is 3b14b (base 12) in base 2?
10011111000001011
Convert 3200211 (base 7) to base 10.
386667
2572716 (base 9) to base 6
50045410
What is 11191250 (base 10) in base 13?
241ab55
What is -e04a6 (base 15) in base 13?
-1bb106
Convert -2788768 (base 10) to base 16.
-2a8da0
Convert -12720 (base 13) to base 8.
-102564
Convert -543472 (base 9) to base 16.
-4f1e1
What is 3921a (base 16) in base 12?
b350a
What is 423411 (base 6) in base 4?
20122333
What is -129910 (base 10) in base 15?
-2875a
Convert 2ed426 (base 16) to base 3.
12202220211102
-6d16d5 (base 15) to base 2
-10011111010001111100100
Convert 1001000010010100 (base 2) to base 7.
212623
101110000010111100111110 (base 2) to base 4
232002330332
What is 204430 (base 9) in base 8?
355025
-162033 (base 7) to base 2
-111110010110011
-295597 (base 12) to base 6
-22511511
What is 242537 (base 12) in base 2?
10001110110001111011
What is -6753426 (base 11) in base 2?
-101101001001010001000001
What is 2126220 (base 11) in base 14?
6d5849
What is 146041 (base 8) in base 3?
2122200110
What is -376031 (base 13) in base 2?
-101000011111110110100
Convert -9b700 (base 12) to base 13.
-73095
-7328283 (base 9) to base 14
-73d3a9
23213 (base 4) to base 2
1011100111
-422300 (base 9) to base 13
-8a342
111111111001001 (base 2) to base 11
2263a
203367 (base 8) to base 12
32b5b
What is 4664643 (base 7) in base 16?
8f715
4440214302 (base 5) to base 7
145256111
579450 (base 14) to base 4
23120122132
Convert -12123022003 (base 4) to base 15.
-233ed4
What is 1000011010100011111 (base 2) in base 4?
1003110133
What is -23d07 (base 14) in base 8?
-253103
-10011220220 (base 3) to base 14
-18b81
What is 201000200002 (base 3) in base 2?
1011011011011000001
Convert 332324 (base 12) to base 16.
c664c
What is 2075360 (base 9) in base 12?
457b53
23342541 (base 6) to base 16
b1f9d
Convert 12431445 (base 7) to base 4.
10110310110
-3076c3 (base 14) to base 7
-16613633
Convert 47240 (base 12) to base 11.
65726
Convert 160016 (base 10) to base 14.
4245a
14653325 (base 8) to base 3
20022221022112
-4074 (base 8) to base 15
-958
Convert -56006 (base 15) to base 2.
-1000010101111100101
Convert 13023266 (base 7) to base 11.
738450
15b878 (base 15) to base 16
100b92
Convert 3d15 (base 16) to base 7.
63406
What is 21022011 (base 3) in base 5?
132243
Convert 20100320 (base 4) to base 3.
1201102122
Convert -7c93 (base 14) to base 2.
-101010010111001
Convert -4330402343 (base 5) to base 8.
-43156356
-1267545 (base 12) to base 5
-1411332213
Convert 23220144 (base 5) to base 16.
336f2
-301a595 (base 12) to base 4
-202110133001
Convert 83549a (base 12) to base 10.
2062198
Convert 248272 (base 9) to base 2.
100100101110000001
-22453612 (base 8) to base 4
-102211132022
What is 337445 (base 8) in base 3?
12211000121
What is 991a2 (base 11) in base 3?
21022111122
Convert 20403305 (base 7) to base 11.
a71971
29baa (base 13) to base 12
397a6
2848801 (base 10) to base 9
5321734
-2bbca (base 14) to base 2
-11010101100100110
Convert -606127 (base 8) to base 5.
-22343032
Convert -11257 (base 15) to base 13.
-1ba8a
a83aa (base 12) to base 4
312020302
336232 (base 9) to base 3
101020021002
What is 31123131033 (base 4) in base 7?
41631240
What is 8ed359 (base 16) in base 14?
135922d
What is -145110 (base 6) in base 16?
-3702
What is 112ab (base 16) in base 5?
4222230
Convert 87a83 (base 11) to base 10.
127746
1a0c330 (base 14) to base 2
110001010111100000010110
Convert -2bfec (base 16) to base 6.
-3510140
-1415140 (base 6) to base 5
-10031241
What is 212202021210 (base 3) in base 4?
1302020223
Convert 176348 (base 11) to base 4.
1002121003
What is 1431523 (base 6) in base 4?
110002023
Convert -144570 (base 9) to base 8.
-255145
What is 230033032213 (base 4) in base 11?
6600865
-1737 (base 10) to base 15
-7ac
Convert -837 (base 9) to base 10.
-682
What is ba477 (base 13) in base 2?
1010010010000010011
20156125 (base 7) to base 4
12121223020
Convert 1000001100101101000 (base 2) to base 6.
5431424
Convert 5b91c3 (base 13) to base 6.
114542145
Convert -1111100110100011001 (base 2) to base 12.
-207a49
Convert -1874a (base 13) to base 9.
-71886
Convert -948c2 (base 13) to base 9.
-446652
What is -20212111120 (base 3) in base 5?
-13311411
Convert -556a05 (base 11) to base 2.
-11011000101101101101
Convert 11a7c (base 14) to base 10.
43230
34283 (base 10) to base 4
20113223
Convert -134605 (base 9) to base 15.
-1950e
What is -6b363 (base 13) in base 15?
-3d19b
Convert -2323112004 (base 5) to base 10.
-5285254
Convert 139ccc7 (base 14) to base 4.
210111033233
Convert 12410141 (base 5) to base 2.
11101111010110010
What is 51a8eb (base 16) in base 5?
2332223114
-1313344 (base 5) to base 14
-9723
267632 (base 10) to base 3
111121010022
Convert 759917 (base 13) to base 14.
51cdb4
11010221110 (base 3) to base 6
1425450
What is -3389c (base 13) in base 11?
-64492
Convert -3927876 (base 10) to base 9.
-7346026
What is 2353314 (base 6) in base 9?
207841
Convert 157309 (base 11) to base 14.
64c89
Convert -1110100100111011011 (base 2) to base 8.
-1644733
Convert 8249d (base 14) to base 12.
13168b
-65948 (base 13) to base 10
-183932
Convert 3a0692 (base 11) to base 14.
125a3c
What is -54d983 (base 16) in base 9?
-11414763
Convert -260427 (base 10) to base 8.
-774513
Convert -191993b (base 13) to base 12.
-2903ba7
Convert -121423 (base 5) to base 3.
-20022212
Convert -37c3d (base 16) to base 4.
-313300331
Convert 24875a1 (base 11) to base 16.
41d577
Convert 141392 (base 10) to base 14.
39756
What is 212120121312 (base 4) in base 14?
149c9b8
Convert 24103141 (base 5) to base 7.
1614044
Convert 3627332 (base 8) to base 16.
f2eda
52da4 (base 15) to base 8
1001452
What is 6461025 (base 8) in base 14?
330193
Convert 4718b9 (base 14) to base 3.
11120012001002
Convert 212488 (base 15) to base 6.
53445345
101324042 (base 5) to base 8
1457165
Convert 315425 (base 7) to base 6.
1101252
-14771 (base 13) to base 6
-454452
Convert -9be7a2 (base 15) to base 7.
-120145424
-13123330 (base 5) to base 15
-28710
372088 (base 12) to base 15
12a3a8
What is 1101111111111100 (base 2) in base 14?
16c7a
46532 (base 9) to base 4
13211030
-11000101101101101 (base 2) to base 11
-6a067
What is 525560 (base 8) in base 16?
2ab70
-232444 (bas